alse
Let l be 27482/117 - 2/(-18). Let x = 417 - l. Suppose 50 + x = 4*j. Is j composite?
True
Suppose -4*b - 5579 = -4*y + 6557, 2*b - 4*y + 6064 = 0. Is b/8*(-8)/12 prime?
False
Suppose -j + 5*n + 1 = 3, -4*n + 8 = 0. Let d be j/12*(-12)/8. Is d/(312/(-308) + 1) prime?
False
Let x = -21 - -24. Is -879*4/(-36)*x prime?
True
Suppose 4 + 20 = 8*i. Suppose 0 = c - 4*m - 1185, -m + i*m + 10 = 0. Is c composite?
True
Is (-6)/4*(-163716)/126 prime?
True
Let b(r) = 3*r**2 - 5*r - 11. Suppose 18 = 6*i - 12. Is b(i) prime?
False
Suppose 0*s - 2*s - 2*g = -4350, 4*s + 2*g - 8704 = 0. Is s a composite number?
True
Let x(v) = -7*v + 4. Let n be x(4). Let l be n/9*(1 + 5). Is (2/3)/(l/(-9528)) a composite number?
False
Let m = 12742 + -6493. Is m a composite number?
True
Let d = 16 + -14. Suppose c - 2*c + d*u = -989, -3*c + 2932 = u. Is c prime?
False
Let f(a) = 92*a - 14. Let v be f(9). Let t = -260 + v. Suppose 902 = 5*u + 3*x, -5*x + t = 5*u - 2*u. Is u a prime number?
False
Let z(n) = 70*n**2 + 10*n - 79. Is z(5) composite?
False
Suppose 4*o = 675 + 2885. Suppose -5*l - 335 = -o. Is l prime?
False
Let w be (-130)/(-18) + (-4)/18. Suppose w*l - 6*l - 79 = 0. Is l prime?
True
Suppose 4*x - 104 = -40. Suppose -211 = x*h - 17*h. Is h composite?
False
Let j(r) = r + 29. Let k be j(14). Let c = -6 + k. Let z = c - -16. Is z prime?
True
Let n = -2602 - -17311. Is n a prime number?
False
Let m(o) = 2*o**2 + 19*o - 7. Let q be m(-10). Suppose q*w - 9475 = -1738. Is w prime?
True
Let y = 183902 + -127951. Is y a composite number?
True
Is (3 - 6) + (-59224)/(-3 + 1) a prime number?
False
Suppose -25567 = -1196*o + 1195*o. Is o prime?
False
Let p = 13 + -10. Suppose -4*q + p*q = 91. Let v = -32 - q. Is v a composite number?
False
Let n(i) = 4*i**2 + 7*i + 3. Let r be 14/(-21) - (-20)/(-6). Is n(r) composite?
True
Suppose 613 = -3*p + 1831. Let j = -243 + p. Is j a composite number?
False
Let s be ((-98)/21)/(4/6). Let j be (s/(-2))/(-7)*-2. Is 2/(-1) - (-59 - j) a prime number?
False
Suppose 3*b = 0, -6*b + b = -2*d + 6. Suppose -3*n = -5*p - 917, -p = d*n + 2*n - 1491. Is n prime?
False
Let r be 9/(-6)*8/(-6). Suppose -r*x - x = -684. Let s = x + -151. Is s a prime number?
False
Let o = 970 - -784. Suppose d - 2690 = -3*q + 2586, 5*d = -q + o. Is q composite?
False
Let b = -9 - -3. Let f(h) = -h**3 - 2*h**2 + 2*h. Let n be f(2). Is 9/b + (-1086)/n a prime number?
True
Let s be (9/(-4) + -6)*(1 - -11). Is 1 + 1212/11 - (-18)/s a composite number?
True
Suppose 3*s = 4*s + 4*s. Suppose s = 16*j - 10*j - 2406. Is j prime?
True
Suppose 0 = -t + 5. Suppose 209 = t*i - 56. Is i composite?
False
Let s be ((-8)/12)/((-6)/45). Let u(m) = 4*m - 3 + 6 + 1 - m. Is u(s) prime?
True
Suppose 3*u + 36 = 4*r, -3*r + 2*u + 1 = -25. Let x = -98 - -161. Let s = x - r. Is s prime?
False
Suppose -6*c = -42923 - 6355. Is c a prime number?
False
Suppose 2015 = 4*q - 717. Let v = 1028 - q. Suppose -v - 2080 = -5*o. Is o prime?
False
Suppose -q + 2095 + 5274 = 0. Is q a prime number?
True
Let o(t) = 270*t**2 + 18*t - 53. Is o(4) prime?
True
Let g(k) = -k**2 + 23*k. Let y be g(15). Let f = y + -51. Is f a composite number?
True
Let d = 8721 + -6074. Is d a composite number?
False
Suppose 5*z - 9 = 2*z + 3*b, 5*b = z - 7. Suppose i - z*a = 1116, a - 1 + 4 = 0. Suppose 3*k = -q + 4*q + i, -2*q + 1871 = 5*k. Is k prime?
True
Let z be (-28)/(-6) - 6/(-18). Suppose -z*h = -3*h - 514. Is h a composite number?
False
Let p(x) = -18*x + 31. Let s(g) = 53*g - 94. Let m(t) = 7*p(t) + 2*s(t). Is m(-12) composite?
False
Let v be (-15)/(-5)*-34*50/(-12). Let b(k) = 3*k - 2. Let r be b(2). Suppose -c = r*c + 3*u - v, 2*u - 420 = -5*c. Is c a prime number?
False
Suppose -20 = -8*l - 60. Is 535*(l + 4)/(-4 - -3) a prime number?
False
Let v = 35051 + -16020. Is v composite?
False
Is (-5 - 2) + 16 + 17434 a composite number?
False
Let p = 2493 + -287. Is p a composite number?
True
Suppose 0 = i + 39*p - 44*p - 29097, 0 = -i - 2*p + 29125. Is i a composite number?
True
Let x = 715 + -392. Is x a prime number?
False
Let s(x) = 111*x**2 - 9*x + 23. Is s(2) a composite number?
False
Suppose -8*k + 3*d = -3*k - 59095, -3*k + 5*d = -35457. Is k prime?
False
Suppose 0 = 3890*s - 3881*s - 547299. Is s composite?
False
Suppose -3*i = -2*i - 4. Let n be 3 - 6*(-134)/i. Let k = -59 + n. Is k a composite number?
True
Suppose l + 4*o - 2337 = 0, -5*o + 6029 - 1358 = 2*l. Is l composite?
False
Suppose -151104 + 700091 = 23*l. Is l a prime number?
True
Suppose 10 = -2*x - 30. Is 3/((-15)/x) + 253 prime?
True
Let f(i) = -206 + 2*i + 201 - 4*i + i**2. Suppose 1 = 2*w + 13. Is f(w) composite?
False
Suppose 396313 = -24*d + 2885089. Is d prime?
True
Let y be 2*9/3*(-10)/(-3). Is (-2606)/(-5) + (-4)/y prime?
True
Let q be -1 - (-3 - -4 - (-2)/(-1)). Suppose q = 15*n - 1885 - 260. Is n prime?
False
Let t(f) be the second derivative of 25*f**3/6 - 7*f**2/2 - 16*f. Is t(5) a prime number?
False
Let h be (22/(-3) + -2)/(15/(-3150)). Let p = -911 + h. Is p prime?
True
Suppose -5*y - 20 = -5*i, 13 + 13 = y + 5*i. Is 675*y + 7 + -5 a composite number?
False
Suppose 5*m - 4*c = 88477, 4*m - 2*c - 2*c - 70784 = 0. Is m a prime number?
False
Let u(v) = v**3 + 5*v**2 + 2*v + 6. Let z be u(-4). Let l be 9/2 + (-7)/z. Suppose l*c + 5*i - 142 = 0, 3*i + 97 = 5*c - 62. Is c prime?
False
Suppose -16*z - 48 = -12*z. Is (-3)/12 - 687/z composite?
True
Suppose b = 5*b - 48. Is 52 - (1 - b/3) a composite number?
True
Suppose 4 = 4*t - 0*t. Let q(r) = 8*r. Let z be q(t). Is (-304)/(-30) + z/(-60) composite?
True
Let j(o) = -o**3 + 25*o**2 + 35*o - 157. Is j(24) a composite number?
False
Let y(l) = 49*l + 5. Let t be y(4). Suppose -88*r + 68*r + 22120 = 0. Let n = r - t. Is n a composite number?
True
Suppose -9*i - 260781 = -14*i - 4*c, -4*c = 4. Is i a prime number?
False
Let b = 27479 - 16128. Is b a composite number?
False
Let d be 1 + 1 + (3 - 3). Suppose 0 = 6*o - o - 875. Suppose -p = d*g - 41, -4*g = -p + 6*p - o. Is p a prime number?
True
Let m(h) = h**3 + 30*h**2 + 75*h - 133. Is m(-24) a prime number?
True
Suppose -v = 4, 3*i - i + v = -10. Let f(g) be the third derivative of -13*g**4/12 - 2*g**3/3 - g**2. Is f(i) a prime number?
False
Let k = -1146 + 2233. Is k a prime number?
True
Is 14 + (-117428)/(-76) - 2/19 a composite number?
False
Let m be (4 - 1)*2/2. Let h be m/6*4 + 1. Suppose -h*g = -1641 - 1524. Is g a prime number?
False
Suppose 7*l = 14339 + 13892. Is l prime?
False
Let n(w) = w - 13. Let j be n(21). Let v be (-2)/(-4)*0 - -58. Suppose u = j - 5, 4*u = -2*i + v. Is i prime?
True
Suppose 0 = 2*s - 2, 4*j - 14*s = -9*s - 2609. Let v be 4/(-18) + 29/9. Is j*v/(3 + -12) prime?
False
Suppose z + 5*a = -797, z + 1306 - 521 = -2*a. Suppose 2*o - 2188 = -d, -o + 2*d = -0*o - 1094. Let i = z + o. Is i a prime number?
True
Suppose 0 = -3*n - n + 2764. Let w = n + -480. Is w a composite number?
False
Let p(c) be the second derivative of 29*c**5/60 + c**4/12 - 5*c**3/6 - 7*c**2/2 - 12*c. Let v(f) be the first derivative of p(f). Is v(4) a composite number?
False
Let q(a) = a**3 + 6*a**2 + 5*a + 4. Let t be q(-4). Let g = t + -1. Let x(d) = 4*d**2 - 21*d - 12. Is x(g) a composite number?
True
Suppose -8*g - 2*w + 138 = -4*g, 3*g = -4*w + 111. Let p be 2/3 - (-11066)/g. Suppose 0 = r + 5*o - p, 2*r + 3*o = 807 - 142. Is r a composite number?
False
Suppose 1 - 7 = -3*q. Suppose -220 = c - q*c + f, 0 = 4*c - f - 895. Let r = 436 - c. Is r prime?
True
Suppose 5*t - 2*w - 98313 = 0, -3*t + 27133 = -2*w - 31858. Is t a composite number?
False
Let j(f) = -443*f - 212. Is j(-6) a prime number?
False
Suppose 2*g - 4*g + 10 = 0, -p + 59 = -g. Suppose c + 3*x = 743, p - 1554 = -2*c - 2*x. Is c a prime number?
False
Suppose 52*k = 50*k + 2*n + 45604, -5*k = -3*n - 114020. Is k a composite number?
False
Let u = -13 - -347. Let d = u + -143. Is d composite?
False
Is 4*((-2200515)/(-132) + 6/33) composite?
False
Suppose 3*p + 2*n - 14844 = p, -29703 = -4*p - n. Is p prime?
False
Suppose 0*r + 3*r = 22917. Is r a prime number?
True
Let c = 23 + -25. Is c/(-5) + -18*35/(-50) a composite number?
False
Suppose 0 = -2*c + 3*a + 24 - 1, -5*c = -a - 25. Suppose 0 = -c*b + 434 + 4594. Suppose 4*i = i + b. Is i composite?
False
Let p(b) = 69*b**2. Let w b